{"id":293,"date":"2023-09-28T18:18:28","date_gmt":"2023-09-28T18:18:28","guid":{"rendered":"https:\/\/fkberj.com.br\/site\/?page_id=293"},"modified":"2023-09-28T18:25:52","modified_gmt":"2023-09-28T18:25:52","slug":"bolsa-atleta","status":"publish","type":"page","link":"https:\/\/www.fkberj.com.br\/site\/bolsa-atleta\/","title":{"rendered":"Bolsa atleta"},"content":{"rendered":"\t\t<div data-elementor-type=\"wp-page\" data-elementor-id=\"293\" class=\"elementor elementor-293\">\n\t\t\t\t\t\t<section class=\"elementor-section elementor-top-section elementor-element elementor-element-bf6c6fd elementor-section-full_width elementor-section-height-default elementor-section-height-default\" data-id=\"bf6c6fd\" data-element_type=\"section\" data-settings=\"{&quot;background_background&quot;:&quot;classic&quot;}\">\n\t\t\t\t\t\t<div class=\"elementor-container elementor-column-gap-default\">\n\t\t\t\t\t<div class=\"elementor-column elementor-col-100 elementor-top-column elementor-element elementor-element-11cacab\" data-id=\"11cacab\" data-element_type=\"column\">\n\t\t\t<div class=\"elementor-widget-wrap elementor-element-populated\">\n\t\t\t\t\t\t<div class=\"elementor-element elementor-element-88680ce elementor-widget elementor-widget-heading\" data-id=\"88680ce\" data-element_type=\"widget\" data-widget_type=\"heading.default\">\n\t\t\t\t<div class=\"elementor-widget-container\">\n\t\t\t<h2 class=\"elementor-heading-title elementor-size-default\">Bolsa atleta<\/h2>\t\t<\/div>\n\t\t\t\t<\/div>\n\t\t\t\t\t<\/div>\n\t\t<\/div>\n\t\t\t\t\t<\/div>\n\t\t<\/section>\n\t\t\t\t<section class=\"elementor-section elementor-top-section elementor-element elementor-element-006c57c elementor-section-boxed elementor-section-height-default elementor-section-height-default\" data-id=\"006c57c\" data-element_type=\"section\">\n\t\t\t\t\t\t<div class=\"elementor-container elementor-column-gap-default\">\n\t\t\t\t\t<div class=\"elementor-column elementor-col-100 elementor-top-column elementor-element elementor-element-7037b3f\" data-id=\"7037b3f\" data-element_type=\"column\">\n\t\t\t<div class=\"elementor-widget-wrap elementor-element-populated\">\n\t\t\t\t\t\t<div class=\"elementor-element elementor-element-5baae50 elementor-widget elementor-widget-image\" data-id=\"5baae50\" data-element_type=\"widget\" data-widget_type=\"image.default\">\n\t\t\t\t<div class=\"elementor-widget-container\">\n\t\t\t\t\t\t\t\t\t\t\t\t\t<img fetchpriority=\"high\" decoding=\"async\" width=\"1024\" height=\"152\" src=\"https:\/\/www.fkberj.com.br\/site\/wp-content\/uploads\/2023\/09\/70303c06-33a4-443f-934a-0c7e55d03b64-1024x152.jpeg\" class=\"attachment-large size-large wp-image-295\" alt=\"\" srcset=\"https:\/\/www.fkberj.com.br\/site\/wp-content\/uploads\/2023\/09\/70303c06-33a4-443f-934a-0c7e55d03b64-1024x152.jpeg 1024w, https:\/\/www.fkberj.com.br\/site\/wp-content\/uploads\/2023\/09\/70303c06-33a4-443f-934a-0c7e55d03b64-300x45.jpeg 300w, https:\/\/www.fkberj.com.br\/site\/wp-content\/uploads\/2023\/09\/70303c06-33a4-443f-934a-0c7e55d03b64-768x114.jpeg 768w, https:\/\/www.fkberj.com.br\/site\/wp-content\/uploads\/2023\/09\/70303c06-33a4-443f-934a-0c7e55d03b64.jpeg 1150w\" sizes=\"(max-width: 1024px) 100vw, 1024px\" \/>\t\t\t\t\t\t\t\t\t\t\t\t\t<\/div>\n\t\t\t\t<\/div>\n\t\t\t\t\t<\/div>\n\t\t<\/div>\n\t\t\t\t\t<\/div>\n\t\t<\/section>\n\t\t\t\t<section class=\"elementor-section elementor-top-section elementor-element elementor-element-f7d3bcb elementor-section-boxed elementor-section-height-default elementor-section-height-default\" data-id=\"f7d3bcb\" data-element_type=\"section\">\n\t\t\t\t\t\t<div class=\"elementor-container elementor-column-gap-default\">\n\t\t\t\t\t<div class=\"elementor-column elementor-col-100 elementor-top-column elementor-element elementor-element-e8bab08\" data-id=\"e8bab08\" data-element_type=\"column\">\n\t\t\t<div class=\"elementor-widget-wrap elementor-element-populated\">\n\t\t\t\t\t\t<div class=\"elementor-element elementor-element-9c283c0 elementor-widget elementor-widget-text-editor\" data-id=\"9c283c0\" data-element_type=\"widget\" data-widget_type=\"text-editor.default\">\n\t\t\t\t<div class=\"elementor-widget-container\">\n\t\t\t\t\t\t\t<p><span style=\"font-size: 14px; color: var( --e-global-color-text );\">Para receber o benef\u00edcio referente ao Programa Bolsa Atleta, do Minist\u00e9rio dos Esportes, voc\u00ea precisa:<\/span><\/p><p>1. Ser faixa preta da CBKB<br \/>2. Estar com sua filia\u00e7\u00e3o de preta em dia (2012)<br \/>3. Ter um hist\u00f3rico esportivo de no m\u00ednimo 3 anos consecutivos ao ano em que voc\u00ea est\u00e1 pleiteando sua bolsa, no caso, 2010, 2009 e 2008, com resultados at\u00e9 a 3\u00aa coloca\u00e7\u00e3o.<br \/>4. Pagar uma taxa de R$ 100,00, referente a declara\u00e7\u00e3o expedida pela CBKB. (Dep\u00f3sito em caixa no Banco Ita\u00fa, ag\u00eancia 0194, conta corrente 20.766-8 \/ Banco do Brasil, ag\u00eancia 0301-8, conta corrente 10.759-X, em nome da CBKB, e enviar-nos por fax ou e-mail)<br \/>6. Fazer sua inscri\u00e7\u00e3o no site do Minist\u00e9rio, Programa Bolsa Atleta. (<a href=\"https:\/\/www.esporte.gov.br\/snear\/bolsaAtleta\/default.jsp\" target=\"_blank\" rel=\"noopener\">https:\/\/www.esporte.gov.br\/snear\/bolsaAtleta\/default.jsp<\/a>)<br \/>7. Enviar \u00e0 CBKB seus dados completos: Nome, RG com data de emiss\u00e3o e \u00f3rg\u00e3o expedidor, CPF e t\u00edtulos que quer incluir na declara\u00e7\u00e3o (referente aos anos citados acima).<\/p><p>Em posse destas informa\u00e7\u00f5es, a CBKB providenciar\u00e1 a declara\u00e7\u00e3o para inscri\u00e7\u00e3o no Programa Bolsa Atleta.<\/p><p>Consultar o site <a href=\"https:\/\/www.esporte.gov.br\/snear\/bolsaAtleta\/comoParticipar.jsp\" target=\"_blank\" rel=\"noopener\">http:\/\/www.esporte.gov.br\/snear\/bolsaAtleta\/comoParticipar.jsp<\/a> para estar por dentro do regulamento do Programa Bolsa Atleta e local onde ir\u00e1 gerar o n\u00famero de protocolo.<\/p><p>Passo a Passo para Inscri\u00e7\u00e3o no Bolsa-Atleta<br \/>Passo 1: ACESSAR O SITE: <a href=\"https:\/\/www.esporte.gov.br\" target=\"_blank\" rel=\"noopener\">https:\/\/www.esporte.gov.br<\/a>, CLICAR NO \u00cdCONE DO BOLSA-ATLETA E DEPOIS NO LINK &#8220;INSCRI\u00c7\u00d5ES&#8221;.<\/p><p>Passo 2: PREENCHER A FICHA DE INSCRI\u00c7\u00c3O POR COMPLETO, COM SUAS INFORMA\u00c7\u00d5ES PESSOAIS (NOME, ENDERE\u00c7O, ETC), INFORMA\u00c7\u00d5ES SOBRE AS ENTIDADES (CLUBE, FEDERA\u00c7\u00c3O E CONFEDERA\u00c7\u00c3O) E INFORMA\u00c7\u00d5ES SOBRE A COMPETI\u00c7\u00c3O QUE O HABILITOU.<\/p><p>OBS 1: TODAS AS INFORMA\u00c7\u00d5ES PRESTADAS NA FICHA S\u00c3O DE RESPONSABILIDADE DO ATLETA, POR ISSO \u00c9 IMPORTANTE CONFERI-LAS ANTES DE FINALIZAR A INSCRI\u00c7\u00c3O.<\/p><p>OBS 2: QUALQUER ALTERA\u00c7\u00c3O NOS DADOS AP\u00d3S A FINALIZA\u00c7\u00c3O DA INSCRI\u00c7\u00c3O DEVER\u00c1 SER SOLICITADA AO BOLSA-ATLETA ATRAV\u00c9S DO E-MAIL: duvidasbolsa@esporte.gov.br.<\/p><p>Passo 3: ACOMPANHAR A SITUA\u00c7\u00c3O DE SUA INSCRI\u00c7\u00c3O NO SITE DO PROGRAMA BOLSA-ATLETA, NO LINK &#8220;\u00c1REA RESTRITA&#8221; USANDO O LOGIN E SENHA QUE SER\u00c3O FORNECIDOS AUTOMATICAMENTE.<\/p><p>Passo 4:. ENVIAR, PARA O ENDERE\u00c7O DA SECRETARIA NACIONAL DE ESPORTE DE ALTO RENDIMENTO, TODOS OS DOCUMENTOS NECESS\u00c1RIOS: C\u00f3PIA DE RG E CPF; DECLARA\u00c7\u00c3O DO CLUBE E DA CONFEDERA\u00c7\u00c3O; S\u00daMULA DA COMPETI\u00c7\u00c3O QUE O HABILITOU; HIST\u00d3RICO DE RESULTADOS &#8211; (Apenas para modalidades n\u00e3o-ol\u00edmpicas e para a Categoria Atletas de Base), DENTRO DO PRAZO ESTABELECIDO E DIVULGADO NO SITE DO BOLSA-ATLETA.<\/p><p>\u00a0<\/p>\t\t\t\t\t\t<\/div>\n\t\t\t\t<\/div>\n\t\t\t\t\t<\/div>\n\t\t<\/div>\n\t\t\t\t\t<\/div>\n\t\t<\/section>\n\t\t\t\t<\/div>\n\t\t","protected":false},"excerpt":{"rendered":"<p>Bolsa atleta Para receber o benef\u00edcio referente ao Programa Bolsa Atleta, do Minist\u00e9rio dos Esportes, voc\u00ea precisa: 1. Ser faixa preta da CBKB2. Estar com sua filia\u00e7\u00e3o de preta em dia (2012)3. Ter um hist\u00f3rico esportivo de no m\u00ednimo 3 anos consecutivos ao ano em que voc\u00ea est\u00e1 pleiteando sua bolsa, no caso, 2010, 2009 [&hellip;]<\/p>\n","protected":false},"author":1,"featured_media":0,"parent":0,"menu_order":0,"comment_status":"closed","ping_status":"closed","template":"","meta":{"footnotes":""},"class_list":["post-293","page","type-page","status-publish","hentry","entry"],"aioseo_notices":[],"_links":{"self":[{"href":"https:\/\/www.fkberj.com.br\/site\/wp-json\/wp\/v2\/pages\/293","targetHints":{"allow":["GET"]}}],"collection":[{"href":"https:\/\/www.fkberj.com.br\/site\/wp-json\/wp\/v2\/pages"}],"about":[{"href":"https:\/\/www.fkberj.com.br\/site\/wp-json\/wp\/v2\/types\/page"}],"author":[{"embeddable":true,"href":"https:\/\/www.fkberj.com.br\/site\/wp-json\/wp\/v2\/users\/1"}],"replies":[{"embeddable":true,"href":"https:\/\/www.fkberj.com.br\/site\/wp-json\/wp\/v2\/comments?post=293"}],"version-history":[{"count":7,"href":"https:\/\/www.fkberj.com.br\/site\/wp-json\/wp\/v2\/pages\/293\/revisions"}],"predecessor-version":[{"id":304,"href":"https:\/\/www.fkberj.com.br\/site\/wp-json\/wp\/v2\/pages\/293\/revisions\/304"}],"wp:attachment":[{"href":"https:\/\/www.fkberj.com.br\/site\/wp-json\/wp\/v2\/media?parent=293"}],"curies":[{"name":"wp","href":"https:\/\/api.w.org\/{rel}","templated":true}]}}