{"id":262,"date":"2023-09-26T20:22:56","date_gmt":"2023-09-26T20:22:56","guid":{"rendered":"https:\/\/fkberj.com.br\/site\/?page_id=262"},"modified":"2024-07-18T18:50:42","modified_gmt":"2024-07-18T18:50:42","slug":"diretoria","status":"publish","type":"page","link":"https:\/\/www.fkberj.com.br\/site\/diretoria\/","title":{"rendered":"Diretoria"},"content":{"rendered":"\t\t<div data-elementor-type=\"wp-page\" data-elementor-id=\"262\" class=\"elementor elementor-262\">\n\t\t\t\t\t\t<section class=\"elementor-section elementor-top-section elementor-element elementor-element-255efa3 elementor-section-boxed elementor-section-height-default elementor-section-height-default\" data-id=\"255efa3\" data-element_type=\"section\">\n\t\t\t\t\t\t<div class=\"elementor-container elementor-column-gap-default\">\n\t\t\t\t\t<div class=\"elementor-column elementor-col-100 elementor-top-column elementor-element elementor-element-49d34c4\" data-id=\"49d34c4\" data-element_type=\"column\" data-settings=\"{&quot;background_background&quot;:&quot;classic&quot;}\">\n\t\t\t<div class=\"elementor-widget-wrap elementor-element-populated\">\n\t\t\t\t\t\t<div class=\"elementor-element elementor-element-892e625 elementor-widget elementor-widget-heading\" data-id=\"892e625\" data-element_type=\"widget\" data-widget_type=\"heading.default\">\n\t\t\t\t<div class=\"elementor-widget-container\">\n\t\t\t<h2 class=\"elementor-heading-title elementor-size-xxl\">Diretoria<\/h2>\t\t<\/div>\n\t\t\t\t<\/div>\n\t\t\t\t\t<\/div>\n\t\t<\/div>\n\t\t\t\t\t<\/div>\n\t\t<\/section>\n\t\t\t\t<section class=\"elementor-section elementor-top-section elementor-element elementor-element-f2042a7 elementor-section-boxed elementor-section-height-default elementor-section-height-default\" data-id=\"f2042a7\" data-element_type=\"section\">\n\t\t\t\t\t\t<div class=\"elementor-container elementor-column-gap-default\">\n\t\t\t\t\t<div class=\"elementor-column elementor-col-100 elementor-top-column elementor-element elementor-element-c25bc97\" data-id=\"c25bc97\" data-element_type=\"column\">\n\t\t\t<div class=\"elementor-widget-wrap elementor-element-populated\">\n\t\t\t\t\t\t<div class=\"elementor-element elementor-element-1354b69 elementor-widget elementor-widget-text-editor\" data-id=\"1354b69\" data-element_type=\"widget\" data-widget_type=\"text-editor.default\">\n\t\t\t\t<div class=\"elementor-widget-container\">\n\t\t\t\t\t\t\t<p><strong>Presidente<\/strong><\/p><p>Capitulino Gomes da Silva Filho<\/p><p><strong>Presidente de Honra<\/strong><br \/>Jos\u00e9 Ant\u00f4nio Ferreira Machado<\/p><p><strong>Vice-Presidente de Assuntos Administrativos<\/strong><br \/>Renata da Silva Andrade<\/p><p><strong>Vice-Presidente de Assuntos T\u00e9cnicos<\/strong><br \/>Marcelo dos Santos Marinho<\/p><p><strong>COMISS\u00c3O ARBITRAL<\/strong><\/p><p><strong>Presidente da Comiss\u00e3o<\/strong> Fabiana da Cunha Almeida<\/p><p><strong>Membros<\/strong><br \/>Fabiana da Cunha Almeida<br \/>Rogerio da Silva<br \/>Alace Adriano da Silva<\/p><p><strong>Coordenadores<\/strong><br \/>Marcelo Correia dos Santos<br \/>Lucimar Machado da Silva<br \/>Ana Paula de Oliveira Reis<br \/>Franklin Pereira da Silva Gabriela de Souza Porto <br \/>Monique de Lima Goulart<br \/>Cristian Ramos da Silva<\/p><p><strong>Diretor do Departamento de Pesquisa e Desenvolvimento Esportivo<\/strong><br \/>Leonardo Gon\u00e7alves da Paix\u00e3o<\/p><p><strong>Coordenador<\/strong><br \/>Leandro Moreira Pacheco<\/p><p><strong>Diretor do Departamento T\u00e9cnico de Musical Forms e Creative Forms<\/strong><br \/>Andr\u00e9 Luiz Ferreira Sodr\u00e9<\/p><p><strong>Diretor do Departamento T\u00e9cnico de Point Fighting<\/strong><br \/>Daniel Sebasti\u00e3o de Oliveira Junior<\/p><p><strong>Diretor do Departamento T\u00e9cnico de Light Contact<\/strong><br \/>Valmir da Silva Oliveira<\/p><p><strong>Diretor do Departamento T\u00e9cnico de Kick Light<\/strong><br \/>Gilberto Rodrigues Chermaut<\/p><p><strong>Diretor do Departamento T\u00e9cnico de Full Contact<\/strong><br \/>Ronaldo Oliveira Augusto<\/p><p><strong>Diretor do Departamento T\u00e9cnico de Low Kick<\/strong><br \/>Jessica Santos Moreira<\/p><p><strong>Diretor do Departamento T\u00e9cnico de K1 Style<\/strong><br \/>Mario Sergio Mendon\u00e7a de Carvalho<\/p><p><strong>Diretor do Departamento Profissional<\/strong><br \/>Rogerio da Silva<\/p><p><strong>Coordenador de Fiscaliza\u00e7\u00e3o de Bandagem Profissional<\/strong><br \/>Fabio Rodrigues de Campos<\/p><p><strong>T\u00e9cnico<\/strong><br \/>Clei da Silva<\/p><p><strong>Diretor do Departamento de Comunica\u00e7\u00e3o<\/strong><br \/>Fabiana da Cunha Almeida<\/p><p><strong>Coordenadora de Pesquisa <\/strong><br \/>Pollyana Ferreira da Silva<\/p><p><strong>Assistente de Pesquisa <\/strong><br \/>Gabriel Alves Queiroz<\/p><p><strong>Coordenadores de Audiovisual<\/strong><br \/>Gustavo Jorge de Sousa Porto<br \/>Luiz Cl\u00e1udio Marinho Soares J\u00fanior<\/p><p><strong>Jornalismo e Divulga\u00e7\u00e3o<\/strong><br \/>Gabriela de Sousa Porto<br \/>Greicinara de Freitas Vieira<\/p><p><strong>Diretor do Departamento Estudantil e Universit\u00e1rio<\/strong><br \/>Jos\u00e9 Francisco Marques Cardoso<\/p><p><strong>Diretor do Departamento de Finan\u00e7as<\/strong><br \/>Fabiano Jorge Baptista Pereira<\/p><p><strong>Diretor do Departamento de Promo\u00e7\u00f5es e Merchandise<\/strong><br \/>Sergio Paulo Barros de Oliveira<\/p><p><strong>Diretor do Departamento Jur\u00eddico<\/strong><br \/>Eduardo Cesar Machado Barradas<\/p><p><strong>Diretor do Departamento M\u00e9dico e de Assist\u00eancia Social<\/strong><br \/>Renata Rodrigues Teixeira de Castro<\/p><p><strong>Coordenador<\/strong><br \/>Fernanda Maria da Fonseca Tavares<\/p><p><strong>Diretor do Departamento de Projetos Esportivos, Sociais e Pedag\u00f3gicos<\/strong><br \/>Carlos Gustavo Brand\u00e3o Corr\u00eaa de Castro<\/p><p><strong>Coordenador<\/strong><br \/>Tiago Souza Cardoso<\/p><p><strong>Delegado da Regi\u00e3o Norte Noroeste Fluminense<\/strong><br \/>Izaque Fernandes da Silva<\/p><p><strong>Delegado da Regi\u00e3o M\u00e9dio Paraiba e Centro-Sul Fluminense<\/strong><br \/>Luiz Ant\u00f4nio Quintino<\/p><p><strong>Delegado da Regi\u00e3o das Baixadas Litor\u00e2neas<\/strong><br \/>Jos\u00e9 Rodolfo Silva de Siqueira de Oliveira<\/p><p><strong>Comiss\u00e3o de avalia\u00e7\u00e3o de gradua\u00e7\u00e3o de faixa colorida<\/strong><br \/>Daniel de Mattos Gon\u00e7alves<br \/>Marcelo dos Santos Marinho<br \/>Mario Sergio Mendon\u00e7a de Carvalho<br \/>Fabiana da Cunha Almeida<\/p><p><strong>GABINETE DA PRESID\u00caNCIA<\/strong><\/p><p><strong>Chefe do Gabinete da Presid\u00eancia<\/strong><br \/>Izaque Fernandes da Silva<\/p><p><strong>Assessor de Imprensa<\/strong><br \/>Monique de Lima Goulart<\/p><p><strong>Assessor de Assuntos Externos e Representa\u00e7\u00f5es<\/strong><br \/>Debora de Oliveira Giordano<\/p><p><strong>Secret\u00e1ria do Gabinete da Presid\u00eancia<\/strong><br \/>Dayene Bruna Oliveira Gomes de Alcantara<\/p><p><strong>TRIBUNAL DE JUSTI\u00c7A DESPORTIVA<\/strong><\/p><p><strong>Presidente<\/strong><br \/>Os\u00f3rio S\u00e9rgio de Souza Barros<\/p><p><strong>Vice-Presidente<\/strong><br \/>Wanderley de Souza<\/p><p><strong>Auditores<\/strong><br \/>Adriano Regoto Rodrigues<br \/>Edson de Oliveira dos Santos<br \/>Ester Silva de Freitas <br \/>Nildo Couto<br \/>Nelio do Couto Pitta<br \/>Fl\u00e1vio Ribeiro de Ara\u00fajo Cid<br \/>Solange Regina Sangreman Theophilo<\/p><p><strong>Procurador<\/strong><br \/>Aline Candido de Oliveira Silva<br \/>Marcos Fernando do Amparo Esteves<\/p><p><strong>Secret\u00e1rio<\/strong><br \/>Ailton Ger\u00e3o Lima<\/p><p><strong>CONSELHO FISCAL<\/strong><\/p><p><strong>Conselheiros<\/strong><\/p><p><strong>Presidente<\/strong> <br \/>Cristiano Silva de Oliveira<\/p><p><strong>Membros Efetivos<\/strong><br \/>Edson Tomaz de Lima<br \/>Elias Rodrigues Baptista<\/p><p><strong>Membros Suplentes<\/strong><br \/>Paulo Costa de Jesus<br \/>Jorge Luiz\u00a0Theodoro\u00a0Prado<\/p>\t\t\t\t\t\t<\/div>\n\t\t\t\t<\/div>\n\t\t\t\t\t<\/div>\n\t\t<\/div>\n\t\t\t\t\t<\/div>\n\t\t<\/section>\n\t\t\t\t<\/div>\n\t\t","protected":false},"excerpt":{"rendered":"<p>Diretoria Presidente Capitulino Gomes da Silva Filho Presidente de HonraJos\u00e9 Ant\u00f4nio Ferreira Machado Vice-Presidente de Assuntos AdministrativosRenata da Silva Andrade Vice-Presidente de Assuntos T\u00e9cnicosMarcelo dos Santos Marinho COMISS\u00c3O ARBITRAL Presidente da Comiss\u00e3o Fabiana da Cunha Almeida MembrosFabiana da Cunha AlmeidaRogerio da SilvaAlace Adriano da Silva CoordenadoresMarcelo Correia dos SantosLucimar Machado da SilvaAna Paula de Oliveira [&hellip;]<\/p>\n","protected":false},"author":1,"featured_media":0,"parent":0,"menu_order":0,"comment_status":"closed","ping_status":"closed","template":"","meta":{"footnotes":""},"class_list":["post-262","page","type-page","status-publish","hentry","entry"],"aioseo_notices":[],"_links":{"self":[{"href":"https:\/\/www.fkberj.com.br\/site\/wp-json\/wp\/v2\/pages\/262","targetHints":{"allow":["GET"]}}],"collection":[{"href":"https:\/\/www.fkberj.com.br\/site\/wp-json\/wp\/v2\/pages"}],"about":[{"href":"https:\/\/www.fkberj.com.br\/site\/wp-json\/wp\/v2\/types\/page"}],"author":[{"embeddable":true,"href":"https:\/\/www.fkberj.com.br\/site\/wp-json\/wp\/v2\/users\/1"}],"replies":[{"embeddable":true,"href":"https:\/\/www.fkberj.com.br\/site\/wp-json\/wp\/v2\/comments?post=262"}],"version-history":[{"count":16,"href":"https:\/\/www.fkberj.com.br\/site\/wp-json\/wp\/v2\/pages\/262\/revisions"}],"predecessor-version":[{"id":595,"href":"https:\/\/www.fkberj.com.br\/site\/wp-json\/wp\/v2\/pages\/262\/revisions\/595"}],"wp:attachment":[{"href":"https:\/\/www.fkberj.com.br\/site\/wp-json\/wp\/v2\/media?parent=262"}],"curies":[{"name":"wp","href":"https:\/\/api.w.org\/{rel}","templated":true}]}}

<div data-elementor-type="wp-page" data-elementor-id="262" class="elementor elementor-262">
						<section class="elementor-section elementor-top-section elementor-element elementor-element-255efa3 elementor-section-boxed elementor-section-height-default elementor-section-height-default" data-id="255efa3" data-element_type="section">
						<div class="elementor-container elementor-column-gap-default">
					<div class="elementor-column elementor-col-100 elementor-top-column elementor-element elementor-element-49d34c4" data-id="49d34c4" data-element_type="column" data-settings="{&quot;background_background&quot;:&quot;classic&quot;}">
			<div class="elementor-widget-wrap elementor-element-populated">
						<div class="elementor-element elementor-element-892e625 elementor-widget elementor-widget-heading" data-id="892e625" data-element_type="widget" data-widget_type="heading.default">
				<div class="elementor-widget-container">
			<h2 class="elementor-heading-title elementor-size-xxl">Diretoria</h2>		</div>
				</div>
					</div>
		</div>
					</div>
		</section>
				<section class="elementor-section elementor-top-section elementor-element elementor-element-f2042a7 elementor-section-boxed elementor-section-height-default elementor-section-height-default" data-id="f2042a7" data-element_type="section">
						<div class="elementor-container elementor-column-gap-default">
					<div class="elementor-column elementor-col-100 elementor-top-column elementor-element elementor-element-c25bc97" data-id="c25bc97" data-element_type="column">
			<div class="elementor-widget-wrap elementor-element-populated">
						<div class="elementor-element elementor-element-1354b69 elementor-widget elementor-widget-text-editor" data-id="1354b69" data-element_type="widget" data-widget_type="text-editor.default">
				<div class="elementor-widget-container">
							<p><strong>Presidente</strong></p><p>Capitulino Gomes da Silva Filho</p><p><strong>Presidente de Honra</strong><br />José Antônio Ferreira Machado</p><p><strong>Vice-Presidente de Assuntos Administrativos</strong><br />Renata da Silva Andrade</p><p><strong>Vice-Presidente de Assuntos Técnicos</strong><br />Marcelo dos Santos Marinho</p><p><strong>COMISSÃO ARBITRAL</strong></p><p><strong>Presidente da Comissão</strong> Fabiana da Cunha Almeida</p><p><strong>Membros</strong><br />Fabiana da Cunha Almeida<br />Rogerio da Silva<br />Alace Adriano da Silva</p><p><strong>Coordenadores</strong><br />Marcelo Correia dos Santos<br />Lucimar Machado da Silva<br />Ana Paula de Oliveira Reis<br />Franklin Pereira da Silva Gabriela de Souza Porto <br />Monique de Lima Goulart<br />Cristian Ramos da Silva</p><p><strong>Diretor do Departamento de Pesquisa e Desenvolvimento Esportivo</strong><br />Leonardo Gonçalves da Paixão</p><p><strong>Coordenador</strong><br />Leandro Moreira Pacheco</p><p><strong>Diretor do Departamento Técnico de Musical Forms e Creative Forms</strong><br />André Luiz Ferreira Sodré</p><p><strong>Diretor do Departamento Técnico de Point Fighting</strong><br />Daniel Sebastião de Oliveira Junior</p><p><strong>Diretor do Departamento Técnico de Light Contact</strong><br />Valmir da Silva Oliveira</p><p><strong>Diretor do Departamento Técnico de Kick Light</strong><br />Gilberto Rodrigues Chermaut</p><p><strong>Diretor do Departamento Técnico de Full Contact</strong><br />Ronaldo Oliveira Augusto</p><p><strong>Diretor do Departamento Técnico de Low Kick</strong><br />Jessica Santos Moreira</p><p><strong>Diretor do Departamento Técnico de K1 Style</strong><br />Mario Sergio Mendonça de Carvalho</p><p><strong>Diretor do Departamento Profissional</strong><br />Rogerio da Silva</p><p><strong>Coordenador de Fiscalização de Bandagem Profissional</strong><br />Fabio Rodrigues de Campos</p><p><strong>Técnico</strong><br />Clei da Silva</p><p><strong>Diretor do Departamento de Comunicação</strong><br />Fabiana da Cunha Almeida</p><p><strong>Coordenadora de Pesquisa </strong><br />Pollyana Ferreira da Silva</p><p><strong>Assistente de Pesquisa </strong><br />Gabriel Alves Queiroz</p><p><strong>Coordenadores de Audiovisual</strong><br />Gustavo Jorge de Sousa Porto<br />Luiz Cláudio Marinho Soares Júnior</p><p><strong>Jornalismo e Divulgação</strong><br />Gabriela de Sousa Porto<br />Greicinara de Freitas Vieira</p><p><strong>Diretor do Departamento Estudantil e Universitário</strong><br />José Francisco Marques Cardoso</p><p><strong>Diretor do Departamento de Finanças</strong><br />Fabiano Jorge Baptista Pereira</p><p><strong>Diretor do Departamento de Promoções e Merchandise</strong><br />Sergio Paulo Barros de Oliveira</p><p><strong>Diretor do Departamento Jurídico</strong><br />Eduardo Cesar Machado Barradas</p><p><strong>Diretor do Departamento Médico e de Assistência Social</strong><br />Renata Rodrigues Teixeira de Castro</p><p><strong>Coordenador</strong><br />Fernanda Maria da Fonseca Tavares</p><p><strong>Diretor do Departamento de Projetos Esportivos, Sociais e Pedagógicos</strong><br />Carlos Gustavo Brandão Corrêa de Castro</p><p><strong>Coordenador</strong><br />Tiago Souza Cardoso</p><p><strong>Delegado da Região Norte Noroeste Fluminense</strong><br />Izaque Fernandes da Silva</p><p><strong>Delegado da Região Médio Paraiba e Centro-Sul Fluminense</strong><br />Luiz Antônio Quintino</p><p><strong>Delegado da Região das Baixadas Litorâneas</strong><br />José Rodolfo Silva de Siqueira de Oliveira</p><p><strong>Comissão de avaliação de graduação de faixa colorida</strong><br />Daniel de Mattos Gonçalves<br />Marcelo dos Santos Marinho<br />Mario Sergio Mendonça de Carvalho<br />Fabiana da Cunha Almeida</p><p><strong>GABINETE DA PRESIDÊNCIA</strong></p><p><strong>Chefe do Gabinete da Presidência</strong><br />Izaque Fernandes da Silva</p><p><strong>Assessor de Imprensa</strong><br />Monique de Lima Goulart</p><p><strong>Assessor de Assuntos Externos e Representações</strong><br />Debora de Oliveira Giordano</p><p><strong>Secretária do Gabinete da Presidência</strong><br />Dayene Bruna Oliveira Gomes de Alcantara</p><p><strong>TRIBUNAL DE JUSTIÇA DESPORTIVA</strong></p><p><strong>Presidente</strong><br />Osório Sérgio de Souza Barros</p><p><strong>Vice-Presidente</strong><br />Wanderley de Souza</p><p><strong>Auditores</strong><br />Adriano Regoto Rodrigues<br />Edson de Oliveira dos Santos<br />Ester Silva de Freitas <br />Nildo Couto<br />Nelio do Couto Pitta<br />Flávio Ribeiro de Araújo Cid<br />Solange Regina Sangreman Theophilo</p><p><strong>Procurador</strong><br />Aline Candido de Oliveira Silva<br />Marcos Fernando do Amparo Esteves</p><p><strong>Secretário</strong><br />Ailton Gerão Lima</p><p><strong>CONSELHO FISCAL</strong></p><p><strong>Conselheiros</strong></p><p><strong>Presidente</strong> <br />Cristiano Silva de Oliveira</p><p><strong>Membros Efetivos</strong><br />Edson Tomaz de Lima<br />Elias Rodrigues Baptista</p><p><strong>Membros Suplentes</strong><br />Paulo Costa de Jesus<br />Jorge Luiz Theodoro Prado</p>						</div>
				</div>
					</div>
		</div>
					</div>
		</section>
				</div>

<p>Diretoria Presidente Capitulino Gomes da Silva Filho Presidente de HonraJosé Antônio Ferreira Machado Vice-Presidente de Assuntos AdministrativosRenata da Silva Andrade Vice-Presidente de Assuntos TécnicosMarcelo dos Santos Marinho COMISSÃO ARBITRAL Presidente da Comissão Fabiana da Cunha Almeida MembrosFabiana da Cunha AlmeidaRogerio da SilvaAlace Adriano da Silva CoordenadoresMarcelo Correia dos SantosLucimar Machado da SilvaAna Paula de Oliveira [&hellip;]</p>
